is the greatest common factor of w and 275?
25
Suppose 31 + 9 = 4*l. Let i be 4/((-1)/((-5)/l)). Suppose 0 = 3*v + 2*p - 6*p - 116, 5*p - 85 = -i*v. What is the highest common divisor of v and 10?
10
Let a = -15 + 23. Let z be (-4)/3*87/58. Let n be 74 + (5 - (z + 9)). Calculate the greatest common factor of a and n.
8
Let c(p) = -95*p**2 - 9*p + 6. Let t be c(2). Let b be (21/4)/((-21)/t) + 2. What is the highest common divisor of 20 and b?
20
Suppose 0 = 126*v - 1439 - 676 - 909. Calculate the greatest common factor of 249 and v.
3
Suppose 4*q = 6*q - o + 49, 5*q + 130 = 4*o. Suppose -s + 23 = -n - n, -s - n = -38. Let p = q + s. Calculate the greatest common divisor of 11 and p.
11
Suppose -28*s + 26*s = 0. Suppose s = 72*q + q - 5840. What is the greatest common factor of q and 8?
8
Suppose -2*h + 5*u = 29, 5*u - 7*u = -4*h - 18. Let t be h + 8/6 - (-2975)/75. Let d be (-3)/(3/(-546)*2). Calculate the highest common factor of t and d.
39
Let j be (-5 - -2*30/12) + 85 + -3. What is the highest common divisor of j and 2419?
41
Let d = 3667 - 2526. Let m = d - 490. What is the highest common divisor of 21 and m?
21
Let c = 1599 - 1449. What is the highest common divisor of c and 12?
6
Suppose 60 = -7*h + 977. Suppose h + 16 = l. Let m be (1 - -99) + (-6)/3. What is the greatest common factor of l and m?
49
Suppose -32*m = -3*m - 1 - 28. Calculate the greatest common divisor of m and 753.
1
Let z(m) = -m**3 - 15*m**2 - 13*m + 7. Let y be z(-14). Let x be (-3)/(-2) - (-5)/(-10). Let v be -9 - -12 - y*x. What is the highest common factor of 10 and v?
10
Let w = 3487 + -3427. Calculate the greatest common factor of 84 and w.
12
Let d = 6236 - 159. What is the greatest common factor of 59 and d?
59
Let c(t) = -t**3 - 64*t**2 - 73*t - 474. Let h be c(-63). Suppose 5*r = 2*y - 301, -3*y - 2*r + 484 - 61 = 0. Calculate the greatest common factor of h and y.
13
Suppose 0 = j + 3*j - 56. Let g be ((-32)/12)/(-4)*-6. Let w(y) = -y**3 - 5*y**2 - 11*y - 14. Let m be w(g). Calculate the greatest common factor of j and m.
14
Let a = 3409 + -3310. Calculate the highest common factor of a and 121.
11
Suppose -11310 = -10*k + 106752 + 13488. Calculate the greatest common divisor of k and 15.
15
Let n = -7 + 14. Let i be (-1023)/(-15)*1 + (-3)/15. Suppose -i = -11*t + 163. What is the highest common divisor of t and n?
7
Suppose -3*f - 37 = -31. Let w = f + -4. Let s be ((-3)/w)/(((-7)/(-24))/7). Calculate the greatest common divisor of 8 and s.
4
Suppose -4*l = -15*i + 12848, 3*l - 1871 = -2*i - 165. What is the highest common divisor of 48 and i?
8
Let y = 2670 - 2550. What is the highest common divisor of y and 10?
10
Suppose w - 60 = 4*w. Let i be 8/w - (-484)/10. Let c(v) = 31*v + 72. Let k be c(0). Calculate the greatest common factor of i and k.
24
Let d(i) = i**2 - 7*i - 3. Let s(n) = -n**2 + 8*n + 1. Let m be s(7). Let l be d(m). Let o = -115 - -120. Calculate the greatest common factor of o and l.
5
Let u(p) = 121*p**3 - 2*p**2 + 1. Let r be u(-1). Let h = r + 126. Suppose i + i + 326 = h*k, 0 = -2*i - 6. Calculate the greatest common divisor of 60 and k.
20
Suppose 27*s - 16*s = 3498. Let a = s - 115. Calculate the highest common divisor of a and 116.
29
Suppose -39*b = -1980387 - 503991. Calculate the greatest common divisor of b and 18.
18
Suppose 4*o - 2*q = 690, -o + 2*q + 65 = -115. Let g = 1258 + -1403. Let a = o + g. What is the highest common divisor of 75 and a?
25
Suppose 0 = -22*o + 36*o - 70. Suppose 12 = -o*c - 5*z + 37, 0 = -5*c + 4*z + 16. Calculate the greatest common divisor of c and 12.
4
Let r(k) = k**3 - 13*k**2 + 20*k + 23. Let j be r(11). Let y(w) = 73*w**3 - 2*w**2 + 6*w - 5. Let x be y(j). Calculate the greatest common divisor of x and 198.
18
Let k be (-1 - -3)/(14/77). Let a(b) = -7 - k - b**2 - 12 + 28 - 5*b. Let y be a(-2). What is the highest common divisor of y and 12?
4
Suppose 45*d - 16444 = 2634 - 1393. Calculate the greatest common divisor of 262 and d.
131
Suppose 0 = -4*c + 9*c + 2*l - 2915, 5*c + l - 2920 = 0. What is the highest common factor of c and 260?
65
Suppose -2*s = -4*q - q + 94, 5*s = 3*q - 64. Let h(f) = 2*f - 4. Let b be h(3). Calculate the greatest common factor of b and q.
2
Let r be (-72 + -2)*(1 - 0). Let s = r + 210. Let w be ((-609)/(-2436))/((-4)/(-272)). What is the highest common factor of s and w?
17
Let m be (13936/78)/(4/6). Let r = 291 - m. What is the highest common divisor of r and 414?
23
Let i(z) = 5*z - 3. Let h be (-1)/(-2 - -3)*7. Let s be i(h). Let x = 42 + s. What is the highest common factor of x and 36?
4
Let m = 1419 + -1365. Suppose 0*s + 2*s + 12 = o, -4*o = s - 12. Let t be 90/s*-1*6. Calculate the greatest common divisor of t and m.
27
Suppose -5*n + 242 + 108 = 0. Let x = -141273 - -141323. What is the highest common factor of n and x?
10
Let f be ((-4)/3)/(2/(-375)). Suppose -4*s = 5*w - 260, -3375*w + 3377*w + 226 = 5*s. What is the greatest common divisor of s and f?
50
Suppose -l = 4*s - 178, 0*s - 674 = -4*l + 3*s. Let b = 198 - l. What is the greatest common factor of b and 8?
4
Suppose 2658 = 14*v + 110. What is the highest common divisor of v and 494?
26
Let u(d) = 3*d**2 - 170*d + 456. Let a be u(54). What is the highest common factor of a and 1686?
6
Let z(k) = k**2 - 16*k - 69. Let d be z(21). Suppose 4*l = -9*u + 7*u + d, -4*u = -2*l - 82. What is the highest common divisor of u and 1420?
20
Let r be (((-2)/(-15))/((-5)/50))/(4/(-4998)). What is the greatest common divisor of r and 42?
14
Let w be 0*30/(-630) - (0 + 1)*-26. Suppose 0 = -0*t - 4*t + 1144. What is the greatest common divisor of w and t?
26
Let t be (-247)/(-13) - (5 + 0) - 4. Suppose -2*g + t = -0. Suppose -4 = 2*m, -3*j = -0*j - 5*m - 85. What is the highest common factor of j and g?
5
Suppose 13*b + 2016 = 25*b. Let q(r) = 586*r**2 + 2. Let v be q(1). Calculate the highest common factor of b and v.
84
Let l be (8 + 181)/(-9)*(-6 + 3 - 81). What is the highest common factor of 280 and l?
28
Let s(x) = -x**3 - 15*x**2 + 16*x + 6. Let r = 133 + -149. Let z be s(r). Calculate the greatest common divisor of z and 9.
3
Suppose -15*j - 153 = 2*j. Let n be (3 + 24/j)*3. Calculate the highest common factor of 5 and n.
1
Suppose -15*l + 82 = -14*l + 2*q, -185 = -2*l - q. What is the highest common divisor of l and 492?
12
Suppose 5*d - 25 = -5*s, -5*d - 3 = -3*s - 4. Suppose k = -5*v + 10, -d*v = -k - v + 16. What is the greatest common divisor of k and 48?
3
Let d be (1197/(-95))/((-2)/(-10)). Let g = 98 + d. Let w be ((-90)/g)/(9/(-168))*1. Calculate the greatest common factor of w and 24.
24
Let c be 9496/20*7 + 10 + (-144)/15. Calculate the greatest common factor of c and 36.
12
Let l(c) = c**3 + 5*c**2 - 30*c - 114. Let g be l(-4). What is the greatest common factor of 26213 and g?
11
Let b(i) = -i**3 - i**2 + 46*i + 153. Let t be b(-6). Calculate the highest common divisor of 1349 and t.
19
Let a = 207 + -202. Suppose -a*z = -9*z + 12, -z = d - 9. Calculate the highest common factor of d and 6.
6
Let f(n) = -3*n - 132*n**2 + n**3 + 15 + 81*n**2 + 52*n**2. Let g be f(5). Calculate the highest common divisor of 195 and g.
15
Let g(l) = -4*l**2 + 53*l - 125. Let r be g(9). Calculate the highest common factor of r and 108.
4
Suppose 50*v + 122*v + 11*v = 2421090. Calculate the greatest common divisor of 210 and v.
210
Let u = -20 + 27. Suppose -2 - u = -w. Suppose c + q = 6*c - 494, 5*c - 491 = 4*q. Calculate the greatest common divisor of c and w.
9
Let v(m) = -2*m**3 + 75*m**2 + 154*m + 17. Let o be v(35). Calculate the greatest common factor of 12 and o.
12
Let i(b) = b**3 - 8*b**2 + 101*b - 799. Let g be i(8). Suppose -2*x + x + k = -423, -5*k = 5*x - 2115. What is the greatest common factor of x and g?
9
Let i(x) = -x**3 - 9*x**2 + 18*x + 274. Let h be i(-10). What is the greatest common factor of h and 970?
194
Let q be (0 - -1)/(5/30). Let s be (-3)/6*(-60 - 4/(-2)). Suppose 11*w - s = 15. What is the highest common divisor of q and w?
2
Let i = 367 + 7. Let h be (-1696)/(-50) + (-6)/(-75). Calculate the greatest common divisor of i and h.
34
Suppose -3*k + 65 + 150 = -2*x, 3*x = 3*k - 216. Suppose -37*n = -1618 - 1453. Let q = n - k. Calculate the greatest common factor of 3 and q.
3
Supp